g(p).
11
Let b(z) be the second derivative of z**4/12 - z**3/6 + z**2 - z. Let w(i) = -i**2 - 5*i - 2. Let d be w(-5). Let c = -4 - d. Calculate b(c).
8
Let o(q) = -2*q**2 - 7*q + 11. Let c(y) = 3*y**2 + 7*y - 12. Let h(r) = 3*c(r) + 4*o(r). Suppose 5*u - f - 5 - 20 = 0, -4*u = -5*f + 1. What is h(u)?
2
Suppose -8 = 4*x, -3*x + 14 = 3*f + 2*f. Let y(g) = 2*g - 5. Calculate y(f).
3
Let d(l) = -2*l + 1. Let b(p) = p**2 - 2*p + 2. Let m be b(3). Suppose m*f + 6 = 1. Calculate d(f).
3
Let a be (-1)/(-1) - (-1 + -21). Suppose -4*z + 7 = a. Let v be ((-4)/(-2))/(z/2). Let r(n) = 6*n**2 - 2*n - 1. Determine r(v).
7
Suppose y - 6 + 4 = 0. Let k(n) = 0 + 0 - 3 + 3*n. Calculate k(y).
3
Let r(m) = m - 5. Let q(a) = -a**2 + 10*a - 18. Let b be q(6). What is r(b)?
1
Let n(d) be the third derivative of 1/120*d**6 + 0 + 11/6*d**3 - 1/24*d**4 + d**2 - 1/60*d**5 + 0*d. Let h = -1 + 1. Determine n(h).
11
Let h(i) be the second derivative of -i**5/20 + 5*i**4/12 + i**3/6 - i**2/2 + 19*i. What is h(4)?
19
Suppose v = 2*g - 3, v = 5*g - 0*v. Let f = -5 - g. Let r(t) be the third derivative of t**4/24 + 3*t**3/2 + t**2. Calculate r(f).
5
Let t be 14/3 + 2/(-3). Let a = 7 - t. Let n(m) = -m**2 + 2*m - 4*m**2 + 1 + 4*m**2. What is n(a)?
-2
Suppose -7 = l - 3. Let j = 12 - 4. Let v(s) = s + 5*s**2 - j + 3*s + s**3 + 3. Give v(l).
-5
Let o(x) = -x**3 - 11*x**2 + x + 6. Suppose 3*d + 4*w + 37 = 0, -d - 8 = -2*w - w. Let q be o(d). Let u(v) = v**3 + 4*v**2 - 7*v - 7. Give u(q).
3
Let i be 6/21 + (-40)/(-7). Suppose 2*u = -3*r - 3, r + r = -i. Let s(j) = -j**2 + 4*j. Give s(u).
3
Let x(q) = q**2 - 5*q - 3. Let v be x(6). Let g(o) be the first derivative of -3*o - o**2 - 2 - 1/3*o**v. Give g(-2).
-3
Let l(v) = -2*v - 2. Let j(n) = 2*n + 13. Let z(i) = 2*i + 14. Let o(w) = 7*j(w) - 6*z(w). Suppose 0*g + 15 = -3*g. Let k be o(g). Calculate l(k).
4
Suppose 0 = -5*p - 15. Let h(d) be the second derivative of d + 3/2*d**2 + 0 - 1/6*d**3. Calculate h(p).
6
Let b(i) = -11*i**2 + 9*i + i**3 - 205 + 425 - 207. Give b(10).
3
Let v be 2/((-2)/3)*-1. Suppose -v*j + 0 = -3. Let d(a) = 16 - j - a - 5. What is d(6)?
4
Let u(d) be the second derivative of -d**4/12 - d**3/2 - d**2/2 - d. Suppose 4*f + 12 = p, 1 = -p - 4*f - 3. Let m be p/(-8)*1*2. Determine u(m).
1
Let g(c) be the second derivative of c**2 - 3*c - 1/6*c**3 + 0. Suppose 3*i - 4 = -13. Give g(i).
5
Let w(c) = -3*c - 18. Let v be w(-7). Let z(k) be the third derivative of k**6/120 - k**5/20 + k**4/24 + 3*k**2. What is z(v)?
3
Suppose 2*k - s + 6 = -5*s, k + 3*s = -4. Let p(a) = -1 + 3*a**3 - 8*a**3 + a**2 - 6*a**3 - a. Give p(k).
12
Suppose -2*i = i - 21. Let o(b) = 11*b**2 + 0*b - i*b - 12*b**2 - 5. Calculate o(-6).
1
Let r(k) be the third derivative of 0*k + 1/6*k**4 + 2/3*k**3 + 3*k**2 - 1/60*k**5 + 0. Let a = 12 - 8. Calculate r(a).
4
Let z(h) = h - 3. Suppose -20 = c + 4*d, -5 = -c + 2*d + 5. What is z(c)?
-3
Let d be (1 + 5)/(4 - 2). Suppose 3*p - p + d = 3*v, p = -2*v - 5. Let y(f) = 4*f + 4. Determine y(p).
-8
Let k(p) = -29*p - 2*p**2 + 18*p + 4 + 3*p**2. What is k(10)?
-6
Let a(c) be the first derivative of -c**5/60 - c**4/24 - 2*c**3/3 + 2. Let m(r) be the third derivative of a(r). Suppose 0 = -p - 2. Determine m(p).
3
Let x(g) = -3*g + 3. Let y be x(1). Let j = 11 + -6. Let n(l) = 0 + 4*l + 1 - j*l. What is n(y)?
1
Let t(h) = h - 2*h - h. Let b be t(1). Let a(y) = 3*y + 3. Calculate a(b).
-3
Let j = 24 + -17. Let k(g) be the third derivative of g**4/24 - g**3 + 41*g**2. Determine k(j).
1
Let h(w) be the third derivative of w**4/12 - w**3/6 - 2*w**2. What is h(-2)?
-5
Let i(l) = 1 - 3*l**2 - 3 + l - l**2 - l**3 - 2*l. Give i(-4).
2
Let l(n) = -n**2 + n - 3. Let u(f) = 8*f**2 + 3*f - 8. Let v(h) = -3*h**2 - h + 3. Let o(s) = 4*u(s) + 11*v(s). Let d(r) = -l(r) - 2*o(r). What is d(2)?
7
Let g(l) = -l**2 + 12*l - 12. Let o be g(11). Let j(n) = 9*n**3 - n. What is j(o)?
-8
Let q(n) = -n**2 + 13*n - 19. Let y be q(11). Let c(j) = -2*j + 2*j + j - 6 + 2. Give c(y).
-1
Let w = -38 - -45. Let n(d) = d**2 - 9*d - 3. Give n(w).
-17
Let p(a) = -14*a**2 + a - 82*a**3 - 2*a + 81*a**3 - 19. Determine p(-14).
-5
Let q be (-1 - 11)*(-3)/6. Let w(i) = -2*i**3 + 0 + 4 + i**3 - 4*i - q*i**2. Suppose 0 = -19*z + 20*z + 5. Determine w(z).
-1
Let f be ((-1)/(-2))/(13/(-52)). Let c(m) = -m**3 - m**2 - 3*m - 1. What is c(f)?
9
Let w(q) = 5*q**3 + 2*q + 1. Let c be w(-1). Let f(s) = s**2 + 8*s + 8. Give f(c).
-4
Let g be 14/49*7 + (0 - -1). Let i(w) = -w**2 + 5*w - 3. Give i(g).
3
Let l(c) be the first derivative of 1/3*c**3 - 6*c - 1 + 3/2*c**2. Give l(-6).
12
Let z(t) = t**2 - 3*t + 3. Let k be z(3). Suppose -17 = -k*a + 4*v, 2*a + 5*v + 1 = -3. Let h(g) = -g**2 + 2*g. Calculate h(a).
-3
Let t(p) = -9 - 20*p + 17*p + 1. What is t(-6)?
10
Let j(a) = -a**2 + 10*a - 9. Let n be -2*(-6*1 + 3). Determine j(n).
15
Let x(l) be the first derivative of 1/8*l**4 + 0*l**2 + 1/120*l**5 + 0*l - 2 + 2/3*l**3. Let t(i) be the third derivative of x(i). Determine t(5).
8
Let r be -2 + 2 + -1 - -1. Suppose r = 6*q - q - 25. Let d(l) be the third derivative of -l**5/60 + 5*l**4/24 + 5*l**3/6 + 2*l**2. Calculate d(q).
5
Let q(k) = 2*k - 1 - 1 - k. Let b(o) = 4*o - 8. Let m(n) = 2*b(n) - 9*q(n). Let y(u) = -3*u**3 - u. Let x be y(-1). Calculate m(x).
-2
Let y(i) = -i - 17. Let s(p) = -2*p - 33. Let c(l) = 3*s(l) - 5*y(l). Determine c(0).
-14
Let r be ((-2)/(-4))/(1/(-4)). Let l(b) be the second derivative of b**5/60 + b**4/6 - b**3/6 + b**2 - 2*b. Let y(t) be the first derivative of l(t). Give y(r).
-5
Let b(u) = 3*u + 7*u**2 + 0*u + 6 + 2*u + u**3. Calculate b(-6).
12
Let g(q) = 9*q - 24. Let f(k) = -5*k + 12. Let m(p) = -7*f(p) - 4*g(p). Let r be (-2)/(-8) - 57/(-12). Give m(r).
7
Let l = 3 + -5. Suppose 0 = -2*u + 6*u - 16. Let f(v) = u*v**3 + 4*v + 4 - 1 - 5*v**3. Determine f(l).
3
Let h(s) = s**2 + s + 1. Let u be h(0). Let a(r) = 2*r + 3*r + u - 3*r. Let f = 0 - 2. Give a(f).
-3
Let k(s) be the second derivative of s**3/3 + s**2 - 9*s. Calculate k(3).
8
Let z(y) = -y**3 - 5*y**2 + 5*y - 8. Suppose 5*d + 0*q = -2*q + 56, d = 2*q + 4. Let m be (-8)/d*15/2. What is z(m)?
-2
Let w(g) = g**3 + 8*g**2 - 2. Let d be w(-8). Let r(z) = -4*z**2 - 4*z + 1. Let x(a) = 3*a**2 + 3*a - 1. Let h(f) = 2*r(f) + 3*x(f). Give h(d).
1
Let x(g) = 6*g - 4. Let u(a) = 3 + 1 - 3 + 3*a - 4*a. Let d(f) = -11*u(f) - 2*x(f). Calculate d(-5).
2
Let k(f) = -3*f**2 - 19*f + 26. Let n(c) = c**2 + 10*c - 12. Let q(g) = -2*k(g) - 5*n(g). What is q(8)?
-24
Let h(r) = r**2 + 1. Suppose 7*b - 4*b - 5*d - 20 = 0, -4*b - 2*d - 8 = 0. Suppose b = -8*t + 3*t - 10. Determine h(t).
5
Let c(w) = w**2 + w + 2*w - 4*w. Let o(s) = s**3 - 8*s**2 - 9*s + 2. Let r be o(9). Determine c(r).
2
Let x(l) = -2*l**3 - 6*l**2 - 8*l - 3. Let t be x(-2). Let c(z) = z**2 - 7*z + 7. Calculate c(t).
-3
Let f(a) be the third derivative of -a**6/120 - a**5/30 - a**4/24 - a**3/6 + a**2. Let w be (-1 + 5)*(-1)/(-1). Suppose 3*z - z = -w. What is f(z)?
1
Suppose j = 3*j + 5*o + 20, 0 = 5*o + 20. Suppose j = -p - 4*p. Let q(r) = r**3 + r**2 + 3. Calculate q(p).
3
Suppose b + 1 = 3. Suppose 0 = -j - b*f, -f = 5*j + 3*f - 6. Let h(m) = m**2 - m + 2. Give h(j).
4
Let l(q) = 6*q + 9. Let r(a) = -3*a - 4. Let o(w) = -3*l(w) - 5*r(w). Let s(z) = -2*z - 7. Let n(b) = -4*o(b) + 5*s(b). Determine n(6).
5
Suppose j - 21 = v, 3*v = -0*v - 15. Let x = j + -21. Let f(y) = -y**2 - 8*y - 4. Calculate f(x).
11
Let d(k) = k**2 + k - 3. Let r = 10 + -5. Suppose r*y - 9*y = 0. Calculate d(y).
-3
Let h(t) = 4 - 10*t - 13*t - 9*t + 33*t. What is h(-5)?
-1
Let j(t) = t**2 - 2*t + 3. Let l(p) = -p + 1. Let v be l(-1). Suppose 2*b - 7*b + 3 = v*n, b = -1. Suppose 0 = -o - 2*g + 4, 2*o - g - n = o. What is j(o)?
11
Suppose -2*h + 1 = 4*b + 3, 5 = -2*b + 3*h. Let x be -2 - 1 - (1 + b). Let r(m) = m**3 + 4*m**2 - 4. Calculate r(x).
5
Let b(f) = f - 7. Let h(t) = 6*t - 35. Let a(y) = -11*b(y) + 2*h(y). Suppose v = -2*p + 4, 5*v + p = -0*p - 7. Let w = -6 - v. Calculate a(w).
3
Let m(y) = -y**3 - 2*y**2 + 6*y + 3. Suppose -2*z - 4*b - 6 = -18, 0 = 3*b - 15. Let t(j) = -2*j**3 - 5*j**2 + 11*j + 7. Let w(o) = z*t(o) + 7*m(o). Give w(-6).
5
Let u(h) = -h**2 + h - 6. Let a(j) = -j. Let z(l) = l**2 + 6*l - 3. Let g(f) = -3*a(f) - z(f). Let n be g(-4)